 j(q). What is f(-4)?
9
Let d(v) = 346 - 177 - 168 + v**2 + 6*v. Let s(z) be the third derivative of -z**4/24 - z**2. Let p be s(4). Determine d(p).
-7
Let y(t) be the second derivative of -120*t + 1/6*t**3 - t**2 + 0. Give y(1).
-1
Let j(u) = u + 27. Let n be j(-20). Suppose n*c = -13*c + 140. Let r(p) = p - 4. What is r(c)?
3
Let z be (-4 + 0)/(10 + (-98)/7). Let m(x) = 4*x**3 - x**2 + 2*x - 1. Give m(z).
4
Let p be 5*(-13)/(455/(-14)). Let q(g) = 12*g**2 + 1 + 3*g**p - 4*g**2 - 10*g**2. Determine q(0).
1
Let o = 61 - 40. Suppose 3*g - y - o = -5*y, 5*g - 2*y = 9. Suppose -10 = f - g. Let v(t) = t + 10. Determine v(f).
3
Suppose -5*c - 2 = -3*c. Let q(g) = 3*g**2 - 2*g - 1. Let n = -190 + 185. Let l(s) = 4*s**2 - 2*s - 1. Let d(b) = n*q(b) + 4*l(b). What is d(c)?
0
Let u(w) = 5*w**3 + 78*w**2 + 59*w - 16. Let b(k) = k**3 + 15*k**2 + 12*k - 3. Let r(g) = -11*b(g) + 2*u(g). Give r(-6).
-23
Let r(f) = 2*f**2 + 51*f - 8. Let j(x) = 2*x**2 + 52*x - 7. Let i(d) = -7*j(d) + 8*r(d). Give i(-22).
-15
Suppose -33 = 5*h + d, -3*d - 5 = -3*h - 14. Let s(l) be the second derivative of -5/12*l**4 - 1/20*l**5 + 3 - 2*l + 3*l**2 + l**3. What is s(h)?
6
Suppose 0 = -14*d + 16*d. Suppose d = -4*y - 42 - 58. Let b = -27 - y. Let v(h) = 3*h**3 + 3*h**2 + 2*h + 2. Calculate v(b).
-14
Let i(m) = -m**2 - 7*m + 34. Let s be i(-10). Suppose s*q = -2*l - 10, 0 = -q + 2*l + l - 6. Let d be (q/2)/(18/24). Let h(u) = u**2 - u. Calculate h(d).
6
Let p(a) be the second derivative of -a**5/20 - 5*a**4/6 - 3*a**3/2 + a**2 + 21*a + 7. Give p(-10).
92
Let b be 21*5 + -5 + 5. Suppose 3 = 3*i + 3*t - 6, i = -3*t + 3. Let x(q) = 2*q - i*q - b - q + 106. Give x(5).
-9
Let q(i) be the second derivative of i**5/20 - 2*i**4/3 + 3*i**3/2 - 5*i**2/2 + 2*i. Let j = 198 - 366. Let m = -161 - j. What is q(m)?
9
Let p(b) be the first derivative of -b**2 + 4*b - 14. Let m(h) = -h + 2. Let q(u) = 11*m(u) - 6*p(u). Let d(v) = -3*v - 18. Let o be d(-6). Give q(o).
-2
Let o(p) = p**2 - 13*p + 8. Suppose 3*c - 4*q - 48 = 0, 25*c - 20*c - 54 = -2*q. What is o(c)?
-4
Let m(x) = 26*x - 23. Suppose 172*r - 137 = 35. Give m(r).
3
Let a(v) = -v**2 - 27*v + 31. Let t be a(-23). Let c = -133 + t. Let w(r) = r + 10. Give w(c).
0
Let n = 4 + -6. Suppose 32*v - 292407 = 17161. Let c(i) = v - 2*i - 9677 + 15*i**2 - 14*i**2. Determine c(n).
5
Let f(g) = -2*g**3 - 25*g**2 - 16*g - 29. Let t be f(-12). Suppose 1 = -t*h - 37. Let v(s) = -s**3 + 5*s + 7. Give v(h).
5
Suppose 67 = -c - o, 440*c + 271 = 436*c - 3*o. Suppose 0*i = -3*f - i - 206, i - 62 = f. Let d = c - f. Let p(y) = y + 1. Calculate p(d).
-2
Let h(p) be the second derivative of -15*p - 13/2*p**2 - 9 - 1/3*p**3. What is h(-10)?
7
Let d(c) be the second derivative of -c**5/20 - c**4/12 - c**3/6 + 7*c**2/2 - c. Let n = 506 - 234. Let r = -272 + n. Give d(r).
7
Let u(z) = 6*z - 3. Let l(g) = g**2 + 8*g - 8. Let c be l(-3). Let y be -2 + ((-81)/(-3) - -1). Let v = y + c. Determine u(v).
15
Suppose 234 = -68*t + 86*t. Let y(b) = b - 20. Give y(t).
-7
Let v(q) = -q**2 + q + 1. Let j(a) = -7*a + 14. Let g(c) = -j(c) - v(c). Let d be g(-7). Let p(x) = 2*x**2 - x**2 + 8*x + 21 - 23. Give p(d).
-2
Let x(a) = -a**3 - 2*a**2 + 14*a - 3. Let c = -193 - -197. Let j(h) = -h**3 + 13*h - 2. Let f(l) = c*x(l) - 5*j(l). Determine f(9).
-2
Let n(k) = -9*k + 250. Let w be n(27). Let t(r) = -4*r**2 + 13*r + 7. Let c(a) = -21*a**2 + 65*a + 36. Let l(y) = 2*c(y) - 11*t(y). What is l(w)?
2
Let a be (-8 - (-98)/(-7))*(-2)/4. Suppose -a*k = -34*k + 253. Let i(r) = -r**2 + 11*r + 2. Give i(k).
2
Let d = 516304 + -516300. Let v(b) be the second derivative of -b**5/20 + b**4/3 + 2*b**3/3 - 3*b**2 - b. Calculate v(d).
10
Let q(k) = 2*k**2 - 3*k - 6. Let t(w) = w**2 + 157*w - 11656. Let m be t(55). Calculate q(m).
14
Let o(b) be the second derivative of -b**5/20 + b**4/12 - 7*b**3/6 + 9*b**2/2 - 5278*b. What is o(3)?
-30
Let h(u) be the first derivative of -u**3/3 - 10*u**2 + 10*u + 10277. Calculate h(-18).
46
Let j(a) = -4*a**3 + 90*a**2 - 211*a - 91. Let m(i) = i**3 - 23*i**2 + 53*i + 23. Let y(r) = 3*j(r) + 11*m(r). Give y(13).
6
Let f(m) be the third derivative of 19*m**4/24 + 63*m**3/2 - 3825*m**2 - 2*m. What is f(-10)?
-1
Let r(c) = 155 - 83 - 76 - 2*c. Suppose 5*p - 6*p = -d + 11, 2*d - 37 = -3*p. Suppose -7*v + 9*v = -d. Determine r(v).
10
Suppose -2 = -p + 4*h, 2*p - 2*h + 4*h - 4 = 0. Let d(r) = -r**2 + 3*r - 1. Let m(q) = 3*q**2 - 2*q + 1. Let u(k) = p*m(k) + 2*d(k). Determine u(-2).
12
Let l(f) be the first derivative of -f**2 + 2*f - 294. Let b = -13 + 14. What is l(b)?
0
Let h(l) = -18*l - 1. Suppose -5*x - 55 - 25 = 0. Suppose 0 = -13*v - 73 - 148. Let j = x - v. What is h(j)?
-19
Suppose -6 = 3*o, 4*h = h + 2*o - 14. Let p be (2/h)/(3/9). Let g = p - -4. Let s(a) = a**2 + 3*a + 4. Give s(g).
22
Let g(s) = 6*s + 6. Let i(j) = -3*j - 20. Let w be i(-11). Let b = -8 - w. Let p be (-6)/b + 4/(-28)*30. Give g(p).
-18
Let r be (-19)/6 + 12 + (-11 - (-65)/(-78)). Let p(l) = -l**2 - 14*l - 33. Calculate p(r).
0
Let g be 4*(63/12 - (-3)/8*-16). Let m(a) = -3*a**2 + a + 4. Calculate m(g).
-26
Let s(c) = 6*c + 10. Let g(f) = 13*f + 23. Let o(y) = 3*g(y) - 7*s(y). Determine o(5).
-16
Let t(o) be the second derivative of -o**7/840 - o**6/45 + o**5/15 - 7*o**4/24 - 10*o**3 - 102*o. Let b(s) be the second derivative of t(s). Calculate b(-9).
2
Suppose -15*q - 605 = -1895. Suppose q = -4*h + 82. Let g(x) = 36*x**3 + x**2 - x - 1. Give g(h).
-35
Let f be (1/3)/((-7)/378). Let r(a) = -a**2 - 20*a - 44. Calculate r(f).
-8
Let l = -253 + 257. Suppose -x + 10 = 3*s, -5*s + 15 = l*x - 2*x. Let v(b) = -b**2 + 3*b + 7. Calculate v(s).
-3
Let k(l) = l + 5. Suppose 5*a = 3*g - 19, 3*g + g + 8 = 0. Let o be k(a). Let d(c) = 3*c - 191 + 189 + o*c - c**2. What is d(4)?
-6
Let b(f) = 6*f**2 - f - 2. Let y(k) = 67*k**2 + 2*k - 13. Let u(p) = 11*b(p) - y(p). Determine u(-14).
-23
Let g(o) be the third derivative of -o**5/60 + 5*o**4/24 - o**3/6 - 10*o**2. Let f(x) = -1 + 7 + x + x**2 - 3*x + 12*x. Let m be f(-10). Determine g(m).
-7
Let f(g) = -3 + 11811*g**3 - 11810*g**3 - 8*g**2 - g**2 - 3*g. Let r(y) = y**2 + y - 3. Let s be r(-4). Determine f(s).
-30
Suppose x - 11 = -3*x + 15*x. Let k(h) be the third derivative of -h**5/12 - h**3/6 + 2*h**2. Let j be k(x). Let t(a) = 2*a + 4. What is t(j)?
-8
Let h(g) = 4 - 205*g - 5 + 204*g. Suppose 0 = 3*i + 2 + 13. Let m be h(i). Let t(f) = f**3 - 3*f**2 - 2*f - 2. Determine t(m).
6
Let h(v) = v**2 - 12*v - 7. Let c = 304 - 302. Suppose 4*l + l - 64 = -c*u, -4*l - 4*u = -56. Give h(l).
-7
Let v(y) = y**3 - y**2 + 2*y + 2. Let g(u) = -6*u**3 + u**2 - u - 1. Let r be g(0). Determine v(r).
-2
Let n(x) = 9*x**2 + 5*x - 41. Suppose 35*c - 32*c = -3*i + 27, 5*i - 25 = 0. Determine n(c).
123
Let l(x) be the first derivative of x**3/3 - 11*x**2/2 + 26*x - 423. Give l(6).
-4
Let n = 353 + -353. Let i(b) = -4 - 4*b + n + 11 + 3 - 5. What is i(1)?
1
Suppose 356 = -25*r + 13 + 93. Let a(t) = 3*t + 22. Calculate a(r).
-8
Let b(w) = w + 0*w + 9*w**3 + w + 1. Let q(y) = -3*y**2 - 96*y - 1. Let u = -362 - -330. Let g be q(u). Calculate b(g).
-10
Let s(j) be the second derivative of 0 + 1/12*j**4 + 0*j**2 - 5/6*j**3 + 10*j. Suppose -5*z = -41 + 11. What is s(z)?
6
Let f(i) be the second derivative of i**3/3 - 16*i**2 - 767*i + 2. Give f(0).
-32
Let j(f) = -3*f + 8. Let d(y) = -8*y**2 + 10025 - y**3 - 10008 - 13*y + 0*y**2. Let m be d(-5). Determine j(m).
-13
Let j(h) = h**3 - 9*h**2 + 10*h - 9. Let v = -355 - -344. Let k be ((-4)/14)/(v/308). Give j(k).
7
Let k(g) be the second derivative of -1/6*g**3 + 0 + 7/2*g**2 + 56*g. Let w = 0 + 0. Give k(w).
7
Let s(i) = -6*i - 2*i - i**2 + 2*i + 2. Suppose 2*n + 77 = -1. Let g = n + 33. Give s(g).
2
Let z(x) be the first derivative of -2/3*x**3 + x**2 - 4*x + 1/4*x**4 + 3. Let v = 9222 - 9219. Give z(v).
11
Suppose 0 = -5*b + b + 20. Let u(w) = -3 + 1 - 2*w - 1 - b. Let d = -594 + 587. Give u(d).
6
Let f(j) = 1 + 588387*j + 5*j**2 - 588399*j - 17*j**2. Determine f(-2).
-23
Let q(h) = -h**3 + 2*h**2 + h - 1. Let i = -80 - -41. Let f be 240/i - 2/(-13). Let w(g) = -g**3 - 7*g**2 - 8*g - 9. Let n be w(f). Determine q(n).
-7
Let b(r) = -3*r - 4. Suppose 58*k = 17*k. Suppose -g + k*g = 10. Give b(g).
26
Let a(r) = -r**3 + 5*r**